ple of 4?
True
Is 33 a factor of 691367061?
True
Does 21 divide 281482141?
False
Is 89 a factor of 53462656?
True
Does 76 divide 35175104?
False
Does 1018 divide 39920093?
False
Is 11266880 a multiple of 8?
True
Is 43 a factor of 113301345?
True
Does 620 divide 572188982?
False
Is 16 a factor of 2695307877?
False
Does 240 divide 33639120?
True
Is 38154798 a multiple of 14?
False
Is 21 a factor of 16422189?
True
Does 33 divide 26223351?
True
Does 451 divide 102180364?
True
Does 123 divide 4154817?
True
Does 11 divide 94054926?
False
Is 10841028 a multiple of 18?
False
Is 728 a factor of 6445227152?
True
Is 15 a factor of 53434862?
False
Is 15342 a factor of 3100372728?
True
Does 18 divide 826946524?
False
Is 9195961 a multiple of 26?
False
Is 25474784 a multiple of 824?
True
Is 10225553 a multiple of 247?
True
Does 2588 divide 3073979441?
False
Does 1534 divide 2096207932?
True
Does 2 divide 8694111?
False
Is 5 a factor of 308323890?
True
Is 377263782 a multiple of 126?
True
Is 14785293 a multiple of 80?
False
Is 17 a factor of 73133195?
False
Does 28 divide 53018789?
False
Is 2208 a factor of 3514304171?
False
Does 30 divide 210665670?
True
Is 167 a factor of 16242587?
True
Is 118890629 a multiple of 67?
True
Does 3461 divide 241268756?
False
Is 29079840 a multiple of 49?
False
Is 951476083 a multiple of 5?
False
Is 6802780 a multiple of 94?
True
Is 20 a factor of 295587867?
False
Does 188 divide 10362184?
True
Does 8 divide 174008014?
False
Does 222 divide 6164475?
False
Is 1097927081 a multiple of 3077?
False
Does 219 divide 200033724?
True
Is 793 a factor of 3383040580?
False
Is 163418772 a multiple of 1518?
True
Is 43 a factor of 19666188?
False
Is 3 a factor of 218213600?
False
Is 1204602764 a multiple of 366?
False
Is 60 a factor of 4417260?
True
Does 235 divide 56917470?
True
Does 119 divide 14096026?
True
Is 77 a factor of 101371693?
False
Is 12 a factor of 151459658?
False
Is 51564780 a multiple of 140?
False
Is 100351884 a multiple of 102?
True
Does 22 divide 8210950?
True
Is 815 a factor of 11011465?
True
Is 1089 a factor of 23523489?
True
Is 34 a factor of 8454683?
False
Is 12 a factor of 56428906?
False
Does 3 divide 91213056?
True
Is 263379855 a multiple of 347?
False
Does 4893 divide 326521944?
False
Is 116589438 a multiple of 966?
True
Does 95 divide 44812186?
False
Is 71618953 a multiple of 327?
False
Does 86 divide 226859199?
False
Is 90060684 a multiple of 114?
True
Does 13 divide 706572604?
False
Is 21178796 a multiple of 41?
True
Is 3 a factor of 148634918?
False
Does 74 divide 195998546?
True
Is 335 a factor of 308574136?
False
Is 182038024 a multiple of 28?
True
Is 297524078 a multiple of 19?
True
Is 7 a factor of 14086553?
False
Does 706 divide 48682230?
True
Is 371 a factor of 16962491?
True
Does 2303 divide 477573110?
True
Is 627659446 even?
True
Is 135 a factor of 57332340?
True
Is 42121611 a multiple of 21?
True
Is 120348531 a multiple of 27?
True
Is 15 a factor of 2978045370?
True
Does 5929 divide 1396463299?
True
Is 27195504 a multiple of 14?
True
Does 207 divide 10188547?
False
Is 3441011575 a multiple of 12?
False
Is 64 a factor of 57358336?
True
Does 3098 divide 4359125981?
False
Is 738 a factor of 3970745194?
False
Does 269 divide 256869756?
False
Is 35 a factor of 35835065?
True
Is 1182787529 a multiple of 4835?
False
Is 353503249 a multiple of 3?
False
Is 77303910 a multiple of 15?
True
Is 219644950 a multiple of 259?
True
Is 412 a factor of 1420576?
True
Is 230 a factor of 8241590?
True
Does 1126 divide 63158466?
True
Is 43 a factor of 131072127?
True
Is 19 a factor of 195176569?
True
Is 24 a factor of 492228204?
False
Is 384032420 a multiple of 5600?
False
Does 208 divide 10434736?
True
Does 272 divide 58668224?
True
Does 398 divide 28117506?
True
Is 8 a factor of 35578984?
True
Is 171 a factor of 4428387?
True
Is 2364156168 a multiple of 456?
True
Is 25086279 a multiple of 38?
False
Is 7306 a factor of 1227342246?
True
Is 338123866 a multiple of 1057?
False
Is 890308610 a multiple of 1138?
True
Does 1658 divide 34001057?
False
Is 3 a factor of 8564355?
True
Does 146 divide 25599786?
True
Is 8057204 a multiple of 193?
False
Does 2630 divide 3685970534?
False
Does 431 divide 57143173?
False
Is 105781182 a multiple of 165?
False
Is 5066329 a multiple of 384?
False
Is 2223 a factor of 163992933?
True
Does 75 divide 454419213?
False
Is 210358214 a multiple of 11?
True
Is 166 a factor of 68820446?
True
Is 15 a factor of 345419970?
True
Is 6 a factor of 297001367?
False
Is 1618390431 a multiple of 9?
True
Is 1282833 a multiple of 301?
False
Is 35570885 a multiple of 2191?
True
Is 244001823 a multiple of 1079?
True
Is 91 a factor of 814113225?
False
Is 36 a factor of 108733644?
True
Does 29 divide 277962363?
False
Is 377729390 a multiple of 10?
True
Does 930 divide 806394070?
False
Does 583 divide 79563853?
False
Does 2668 divide 632725929?
False
Does 4 divide 159433?
False
Does 2541 divide 19847851?
False
Does 499 divide 397670565?
True
Is 7 a factor of 290861919?
False
Does 563 divide 99555290?
True
Is 476 a factor of 537093753?
False
Does 21 divide 178833086?
False
Does 335 divide 66082770?
True
Is 173 a factor of 14289516?
False
Is 83 a factor of 352342636?
True
Is 652 a factor of 15776444?
True
Is 44580208 a multiple of 232?
False
Is 135 a factor of 4342541016?
False
Does 15 divide 28585274?
False
Is 6437004 a multiple of 4?
True
Is 2205715093 a multiple of 161?
False
Is 3590014536 a multiple of 44?
False
Does 22 divide 19389436?
True
Is 212868496 a multiple of 30?
False
Is 1455 a factor of 3138141459?
False
Is 14 a factor of 32588789?
False
Does 973 divide 18119991?
False
Is 252 a factor of 2185945329?
False
Does 9 divide 637936911?
True
Is 89 a factor of 7731341?
True
Is 407194880 a multiple of 85?
True
Is 134 a factor of 7753123?
False
Is 59 a factor of 27827285?
False
Is 122092856 a multiple of 8?
True
Is 97624440 a multiple of 58?
True
Does 13965 divide 4237716170?
False
Is 33241591 a multiple of 30?
False
Is 28 a factor of 41750548?
True
Is 277 a factor of 21262243?
True
Is 24 a factor of 7772753?
False
Is 118208790 a multiple of 14?
True
Is 12210868 a multiple of 15?
False
Does 98 divide 66532460?
False
Does 29 divide 532068120?
False
Is 873 a factor of 734162606?
False
Is 86343762 a multiple of 13?
False
Is 385012725 a multiple of 55?
False
Does 318 divide 93619836?
True
Does 520 divide 133986790?
False
Is 709739189 a multiple of 629?
False
Is 7 a factor of 9143204?
True
Is 2345308215 a multiple of 235?
False
Is 745 a factor of 54618185?
True
Does 192 divide 66269184?
True
Is 3 a factor of 1593630?
True
Does 130 divide 547606998?
False
Does 238 divide 6357694?
True
Is 139 a factor of 24709746?
False
Is 41 a factor of 744234829?
True
Does 199 divide 13847130?
False
Does 5 divide 1579825?
True
Is 12583428 a multiple of 849?
False
Is 26034926 a multiple of 799?
False
Is 142 a factor of 4266495648?
True
Is 19341308 a multiple of 716?
True
Is 19 a factor of 365922501?
True
Is 505 a factor of 93179570?
True
Does 85 divide 35157530?
True
Does 327 divide 15032645?
False
Is 877153662 a multiple of 203?
True
Does 31 divide 249693809?
True
Is 7 a factor of 28415285?
False
Is 72843229 a multiple of 167?
True
Does 18 divide 138607218?
True
Does 12 divide 15392650?
False
Is 4053 a factor of 1041069792?
True
Is 16329669 a multiple of 1391?
False
Does 7795 divide 1626177310?
True
Does 34 divide 997497872?
False
Is 5900478558 a multiple of 5083?
True
Is 695679 a multiple of 7?
False
Is 78270534 a multiple of 9?
True
Is 3685441433 a multiple of 3545?
False
Is 46860065 a multiple of 14?
False
Is 296736011 a multiple of 13?
True
Is 3147 a factor of 37492892?
False
Is 14754429 a multiple of 9?
True
Is 2955095830 a multiple of 842?
True
Does 142 divide 888968706?
True
Does 9 divide 2542653783?
True
Does 104 divide 1195772967?
False
Is 92563285 a multiple of 524?
False
Does 1360 divide 1306705626?
False
Does 1676 divide 43528485?
False
Does 71 divide 42441980?
False
Is 4314 a factor of 4575898626?
True
Is 750 a factor of 152672894?
False
Does 16 divide 6438272?
True
Does 1422 divide 104586721?
False
Is 321 a factor of 15367416?
False
Is 425483496 a multiple of 216?
True
Is 179246912 a multiple of 26?
True
Is 25719469 